s digit of 228463?
3
What is the ten thousands digit of 700915?
0
What is the tens digit of 1939085?
8
What is the ten thousands digit of 4280702?
8
What is the units digit of 110452?
2
What is the hundreds digit of 6478359?
3
What is the thousands digit of 467729?
7
What is the hundred thousands digit of 10072191?
0
What is the units digit of 375264?
4
What is the thousands digit of 171293?
1
What is the hundred thousands digit of 1201085?
2
What is the hundred thousands digit of 320624?
3
What is the tens digit of 98570?
7
What is the units digit of 126536?
6
What is the units digit of 8926213?
3
What is the units digit of 366112?
2
What is the ten thousands digit of 224432?
2
What is the units digit of 440650?
0
What is the thousands digit of 143497?
3
What is the hundreds digit of 290146?
1
What is the hundreds digit of 8946332?
3
What is the tens digit of 3518082?
8
What is the units digit of 1082240?
0
What is the units digit of 365858?
8
What is the hundred thousands digit of 311237?
3
What is the hundreds digit of 667206?
2
What is the units digit of 11547374?
4
What is the tens digit of 2932040?
4
What is the hundreds digit of 788826?
8
What is the tens digit of 31958890?
9
What is the ten thousands digit of 188346?
8
What is the tens digit of 50491?
9
What is the thousands digit of 969070?
9
What is the tens digit of 18069071?
7
What is the hundred thousands digit of 21025390?
0
What is the thousands digit of 254585?
4
What is the tens digit of 177560?
6
What is the hundred thousands digit of 3352837?
3
What is the units digit of 9861653?
3
What is the hundreds digit of 6312209?
2
What is the millions digit of 4050489?
4
What is the units digit of 650266?
6
What is the millions digit of 19382561?
9
What is the hundreds digit of 13103937?
9
What is the thousands digit of 98934?
8
What is the tens digit of 2239457?
5
What is the tens digit of 80665?
6
What is the tens digit of 161712?
1
What is the units digit of 897464?
4
What is the thousands digit of 1221324?
1
What is the ten thousands digit of 919462?
1
What is the units digit of 144351?
1
What is the ten thousands digit of 1369690?
6
What is the ten thousands digit of 284032?
8
What is the tens digit of 175519?
1
What is the hundred thousands digit of 10403702?
4
What is the tens digit of 3324260?
6
What is the units digit of 135903?
3
What is the units digit of 107807?
7
What is the hundreds digit of 1228102?
1
What is the hundreds digit of 88021?
0
What is the hundred thousands digit of 16214815?
2
What is the tens digit of 1792336?
3
What is the hundred thousands digit of 2736388?
7
What is the tens digit of 1100465?
6
What is the units digit of 296443?
3
What is the millions digit of 8761152?
8
What is the ten thousands digit of 13692127?
9
What is the thousands digit of 4030515?
0
What is the tens digit of 845917?
1
What is the units digit of 541479?
9
What is the units digit of 5299?
9
What is the tens digit of 417426?
2
What is the hundred thousands digit of 205887?
2
What is the millions digit of 1528325?
1
What is the units digit of 1786075?
5
What is the hundreds digit of 5000482?
4
What is the tens digit of 410544?
4
What is the hundreds digit of 371478?
4
What is the hundred thousands digit of 1283670?
2
What is the hundreds digit of 11053196?
1
What is the hundreds digit of 22414568?
5
What is the units digit of 99395?
5
What is the tens digit of 387320?
2
What is the thousands digit of 14897008?
7
What is the tens digit of 1353907?
0
What is the ten thousands digit of 11722529?
2
What is the thousands digit of 2803?
2
What is the thousands digit of 254562?
4
What is the hundred thousands digit of 1939869?
9
What is the thousands digit of 1572775?
2
What is the thousands digit of 351557?
1
What is the ten thousands digit of 7353001?
5
What is the ten thousands digit of 403337?
0
What is the hundreds digit of 351729?
7
What is the units digit of 1990933?
3
What is the millions digit of 5783636?
5
What is the millions digit of 2594923?
2
What is the tens digit of 12727763?
6
What is the thousands digit of 107137?
7
What is the hundred thousands digit of 11880030?
8
What is the hundreds digit of 31903227?
2
What is the units digit of 145578?
8
What is the units digit of 130592?
2
What is the ten thousands digit of 10512408?
1
What is the units digit of 1410173?
3
What is the hundred thousands digit of 22947267?
9
What is the thousands digit of 11336630?
6
What is the ten thousands digit of 127357?
2
What is the tens digit of 686941?
4
What is the hundred thousands digit of 155309?
1
What is the hundred thousands digit of 7347860?
3
What is the hundred thousands digit of 8049876?
0
What is the millions digit of 1415580?
1
What is the ten millions digit of 27019738?
2
What is the thousands digit of 281515?
1
What is the thousands digit of 1586312?
6
What is the ten thousands digit of 2736413?
3
What is the tens digit of 12455833?
3
What is the ten thousands digit of 1117419?
1
What is the hundreds digit of 1244884?
8
What is the hundreds digit of 6104126?
1
What is the tens digit of 82886?
8
What is the ten thousands digit of 404075?
0
What is the units digit of 568544?
4
What is the units digit of 2124096?
6
What is the tens digit of 180623?
2
What is the units digit of 675508?
8
What is the units digit of 1046500?
0
What is the hundred thousands digit of 8082164?
0
What is the millions digit of 1224104?
1
What is the tens digit of 6563953?
5
What is the millions digit of 14458985?
4
What is the thousands digit of 4707295?
7
What is the tens digit of 33216579?
7
What is the hundreds digit of 43755?
7
What is the hundred thousands digit of 19152801?
1
What is the hundred thousands digit of 992919?
9
What is the ten thousands digit of 420083?
2
What is the units digit of 544449?
9
What is the thousands digit of 1362218?
2
What is the hundreds digit of 3277?
2
What is the thousands digit of 158517?
8
What is the thousands digit of 477195?
7
What is the thousands digit of 796125?
6
What is the thousands digit of 111447?
1
What is the hundreds digit of 9839?
8
What is the ten thousands digit of 2298794?
9
What is the tens digit of 2048828?
2
What is the tens digit of 185099?
9
What is the hundred thousands digit of 2282356?
2
What is the ten thousands digit of 1987961?
8
What is the tens digit of 1097780?
8
What is the hundred thousands digit of 10404373?
4
What is the thousands digit of 554227?
4
What is the hundreds digit of 1031458?
4
What is the ten thousands digit of 10198807?
9
What is the units digit of 3382846?
6
What is the hundreds digit of 4436099?
0
What is the ten thousands digit of 345726?
4
What is the tens digit of 30154?
5
What is the hundred thousands digit of 4619223?
6
What is the hundred thousands digit of 7641551?
6
What is the hundred thousands digit of 540311?
5
What is the hundred thousands digit of 820391?
8
What is the hundreds digit of 60712?
7
What is the units digit of 369153?
3
What is the thousands digit of 1111998?
1
What is the thousands digit of 601287?
1
What is the tens digit of 597142?
4
What is the hundred thousands digit of 13152684?
1
What is the hundred thousands digit of 855725?
8
What is the millions digit of 1069608?
1
What is the ten millions digit of 12410740?
1
What is the hundred thousands digit of 5115405?
1
What is the ten thousands digit of 1306876?
0
What is the tens digit of 410319?
1
What is the hundred thousands digit of 13184700?
1
What is the hundreds digit of 186421?
4
What is the millions digit of 5193942?
5
What is the units digit of 880001?
1
What is the hundreds digit of 55623?
6
What is the hundreds digit of 809357?
3
What is the ten thousands digit of 9784635?
8
What is the tens digit of 90439?
3
What is the ten thousands digit of 152600?
5
What is the tens digit of 13531905?
0
What is the ten thousands digit of 86346?
8
What is the hundreds digit of 1699931?
9
What is the tens digit of 3954823?
2
What is the thousands digit of 8447711?
7
What is the units digit of 1084648?
8
What is the ten thousands digit of 214028?
1
What is the tens digit of 4749613?
1
What is the ten thousands digit of 57820?
5
What is the hundreds digit of 3154796?
7
What is the tens digit of 14457831?
3
What is the thousands digit of